{"id":87,"date":"2010-10-16T18:18:02","date_gmt":"2010-10-16T16:18:02","guid":{"rendered":"http:\/\/localhost\/wordpress\/?page_id=87"},"modified":"2026-02-11T10:58:34","modified_gmt":"2026-02-11T09:58:34","slug":"home","status":"publish","type":"page","link":"https:\/\/www.mehrgenerationenhaus-bnaw.de\/","title":{"rendered":"Willkommen"},"content":{"rendered":"<wbr>\n\n<p style=\"font-size:16px\">Lie\u00adbe&nbsp;G\u00e4ste,<\/p>\n<p style=\"font-size:16px; text-align: center;\">die Mehr\u00adge\u00adne\u00adra\u00adtio\u00adnen-Eta\u00adge im Haus der Fami\u00adlie \/ Mehr\u00adge\u00adne\u00adra\u00adtio\u00adnen\u00adhaus ist f\u00fcr&nbsp;Sie<\/p>\n<p style=\"font-size:18px; text-align: center;\"><strong>Mon\u00adtag bis Frei\u00adtag von 9:00 bis 17:00&nbsp;Uhr&nbsp;<\/strong><\/p>\n<p style=\"font-size:16px; text-align: center;\">ge\u00f6ff\u00adnet.<\/p>\n\n<!--\n<p style=\"font-size:16px; text-align: center;\"\">Aktuell bleibt die K\u00fcche <strong>freitags<\/strong> bis einschlie\u00dflich Januar 2026 auf Grund der personellen Situation im MGH geschlossen.<\/p>\n\n<p style=\"font-size:16px; text-align: center;\"\">Alle Nutzer und G\u00e4ste k\u00f6nnen <strong>freitags<\/strong> jedoch die R\u00e4ume nutzen und sich im Begegnungscaf\u00e9 mit Kaltgetr\u00e4nken und Kaffee aus der Senseo Maschine selbst versorgen.<\/p>\n\n<p style=\"font-size:16px; text-align: center;\"\">Dies geschieht auf Vertrauensbasis, bitte machen Sie mit und legen Sie das Geld in das Sch\u00e4lchen, wie gewohnt.<\/p>\n<p style=\"font-size:16px; text-align: center;\"\">Wir bitten um Verst\u00e4ndnis und freuen uns auf Ihre Mitarbeit und dass Sie trotzdem unser Haus besuchen.<\/p>\n-->\n<wbr>\n\n<p style=\"font-size:16px; text-align: center;\">Wir hei\u00ad\u00dfen Sie recht herz\u00adlich Will\u00adkom\u00admen und freu\u00aden uns auf&nbsp;Sie!<\/p>\n<p>&nbsp;<\/p>\n\n\n<p class=\"has-text-align-center\"><img loading=\"lazy\" decoding=\"async\" width=\"150\" height=\"177\" class=\"wp-image-2068\" style=\"width: 150px;\" src=\"https:\/\/www.mehrgenerationenhaus-bnaw.de\/wp-content\/uploads\/2017\/11\/mghhaende_small.jpg\" alt srcset=\"https:\/\/www.mehrgenerationenhaus-bnaw.de\/wp-content\/uploads\/2017\/11\/mghhaende_small.jpg 598w, https:\/\/www.mehrgenerationenhaus-bnaw.de\/wp-content\/uploads\/2017\/11\/mghhaende_small-254x300.jpg 254w\" sizes=\"auto, (max-width: 150px) 100vw, 150px\"><\/p>\n","protected":false},"excerpt":{"rendered":"<p>Lie\u00adbe&nbsp;G\u00e4s\u00adte, die Mehr\u00ad\u00adge\u00ad\u00adne\u00adra\u00ad\u00adtio\u00ad\u00adnen-Eta\u00ad\u00adge im Haus der Fami\u00adlie \/ Mehr\u00adge\u00adne\u00adra\u00adtio\u00adnen\u00adhaus ist f\u00fcr&nbsp;Sie Mon\u00adtag bis Frei\u00adtag von 9:00 bis 17:00&nbsp;Uhr&nbsp; ge\u00f6ff\u00adnet. Wir hei\u00ad\u00dfen Sie recht herz\u00adlich Willkommen\u2026<\/p>\n","protected":false},"author":1,"featured_media":0,"parent":0,"menu_order":-1,"comment_status":"closed","ping_status":"closed","template":"","meta":{"wp_typography_post_enhancements_disabled":false,"footnotes":""},"class_list":["post-87","page","type-page","status-publish","hentry"],"_links":{"self":[{"href":"https:\/\/www.mehrgenerationenhaus-bnaw.de\/index.php?rest_route=\/wp\/v2\/pages\/87","targetHints":{"allow":["GET"]}}],"collection":[{"href":"https:\/\/www.mehrgenerationenhaus-bnaw.de\/index.php?rest_route=\/wp\/v2\/pages"}],"about":[{"href":"https:\/\/www.mehrgenerationenhaus-bnaw.de\/index.php?rest_route=\/wp\/v2\/types\/page"}],"author":[{"embeddable":true,"href":"https:\/\/www.mehrgenerationenhaus-bnaw.de\/index.php?rest_route=\/wp\/v2\/users\/1"}],"replies":[{"embeddable":true,"href":"https:\/\/www.mehrgenerationenhaus-bnaw.de\/index.php?rest_route=%2Fwp%2Fv2%2Fcomments&post=87"}],"version-history":[{"count":2,"href":"https:\/\/www.mehrgenerationenhaus-bnaw.de\/index.php?rest_route=\/wp\/v2\/pages\/87\/revisions"}],"predecessor-version":[{"id":5275,"href":"https:\/\/www.mehrgenerationenhaus-bnaw.de\/index.php?rest_route=\/wp\/v2\/pages\/87\/revisions\/5275"}],"wp:attachment":[{"href":"https:\/\/www.mehrgenerationenhaus-bnaw.de\/index.php?rest_route=%2Fwp%2Fv2%2Fmedia&parent=87"}],"curies":[{"name":"wp","href":"https:\/\/api.w.org\/{rel}","templated":true}]}}